are the prime factors of 11122?
2, 67, 83
List the prime factors of 109383.
3, 19, 101
What are the prime factors of 6929?
13, 41
What are the prime factors of 3404?
2, 23, 37
What are the prime factors of 489?
3, 163
List the prime factors of 4991.
7, 23, 31
List the prime factors of 27338.
2, 13669
What are the prime factors of 4622?
2, 2311
List the prime factors of 1354.
2, 677
What are the prime factors of 10823?
79, 137
What are the prime factors of 55644?
2, 3, 4637
What are the prime factors of 27267?
3, 61, 149
List the prime factors of 30777.
3, 10259
List the prime factors of 5037.
3, 23, 73
List the prime factors of 897.
3, 13, 23
List the prime factors of 12247.
37, 331
List the prime factors of 14738.
2, 7369
What are the prime factors of 137373?
3, 29, 1579
What are the prime factors of 7641?
3, 283
What are the prime factors of 9357?
3, 3119
List the prime factors of 325.
5, 13
What are the prime factors of 919?
919
What are the prime factors of 6871?
6871
What are the prime factors of 372?
2, 3, 31
List the prime factors of 12646.
2, 6323
List the prime factors of 8588.
2, 19, 113
List the prime factors of 2.
2
List the prime factors of 254.
2, 127
What are the prime factors of 15723?
3, 1747
List the prime factors of 2112.
2, 3, 11
What are the prime factors of 7418?
2, 3709
What are the prime factors of 4065?
3, 5, 271
List the prime factors of 73605.
3, 5, 7, 701
What are the prime factors of 22363?
11, 19, 107
What are the prime factors of 8901?
3, 23, 43
List the prime factors of 12516.
2, 3, 7, 149
List the prime factors of 585.
3, 5, 13
List the prime factors of 28012.
2, 47, 149
List the prime factors of 2515.
5, 503
What are the prime factors of 1096?
2, 137
List the prime factors of 5455.
5, 1091
List the prime factors of 6126.
2, 3, 1021
What are the prime factors of 7143?
3, 2381
List the prime factors of 110.
2, 5, 11
List the prime factors of 11111.
41, 271
What are the prime factors of 1109?
1109
What are the prime factors of 6230?
2, 5, 7, 89
What are the prime factors of 117765?
3, 5, 2617
What are the prime factors of 3028?
2, 757
What are the prime factors of 167?
167
What are the prime factors of 26694?
2, 3, 1483
List the prime factors of 260.
2, 5, 13
What are the prime factors of 2825?
5, 113
What are the prime factors of 564?
2, 3, 47
What are the prime factors of 10?
2, 5
List the prime factors of 3882.
2, 3, 647
What are the prime factors of 861?
3, 7, 41
List the prime factors of 167944.
2, 7, 2999
What are the prime factors of 41223?
3, 7, 13, 151
What are the prime factors of 4841?
47, 103
What are the prime factors of 710?
2, 5, 71
What are the prime factors of 2333?
2333
What are the prime factors of 23035?
5, 17, 271
List the prime factors of 170150.
2, 5, 41, 83
List the prime factors of 4360.
2, 5, 109
List the prime factors of 894.
2, 3, 149
What are the prime factors of 141688?
2, 89, 199
List the prime factors of 7713.
3, 857
List the prime factors of 127551.
3, 17, 41, 61
What are the prime factors of 2033?
19, 107
What are the prime factors of 38700?
2, 3, 5, 43
List the prime factors of 4405.
5, 881
What are the prime factors of 16933?
7, 41, 59
What are the prime factors of 3703?
7, 23
List the prime factors of 9575.
5, 383
List the prime factors of 52370.
2, 5, 5237
List the prime factors of 40342.
2, 23, 877
What are the prime factors of 1784?
2, 223
List the prime factors of 321.
3, 107
What are the prime factors of 2523?
3, 29
What are the prime factors of 8916?
2, 3, 743
What are the prime factors of 57193?
57193
What are the prime factors of 1041?
3, 347
List the prime factors of 1339.
13, 103
What are the prime factors of 17?
17
List the prime factors of 64006.
2, 32003
List the prime factors of 14343.
3, 7, 683
List the prime factors of 1807.
13, 139
What are the prime factors of 101324?
2, 73, 347
List the prime factors of 4947.
3, 17, 97
What are the prime factors of 744?
2, 3, 31
List the prime factors of 2463.
3, 821
What are the prime factors of 2854?
2, 1427
List the prime factors of 62363.
7, 59, 151
List the prime factors of 16065.
3, 5, 7, 17
What are the prime factors of 47687?
43, 1109
List the prime factors of 54593.
7, 11, 709
List the prime factors of 1060.
2, 5, 53
What are the prime factors of 2032?
2, 127
List the prime factors of 3789.
3, 421
List the prime factors of 43905.
3, 5, 2927
List the prime factors of 1560.
2, 3, 5, 13
List the prime factors of 47.
47
List the prime factors of 13335.
3, 5, 7, 127
List the prime factors of 1400.
2, 5, 7
List the prime factors of 40918.
2, 41, 499
List the prime factors of 2939.
2939
List the prime factors of 24519.
3, 11, 743
List the prime factors of 69793.
71, 983
List the prime factors of 5268.
2, 3, 439
List the prime factors of 22735.
5, 4547
What are the prime factors of 195?
3, 5, 13
What are the prime factors of 909?
3, 101
What are the prime factors of 177?
3, 59
List the prime factors of 1739.
37, 47
List the prime factors of 1044.
2, 3, 29
What are the prime factors of 22276?
2, 5569
List the prime factors of 53553.
3, 17851
What are the prime factors of 4584?
2, 3, 191
List the prime factors of 30967.
173, 179
What are the prime factors of 54201?
3, 7, 29, 89
What are the prime factors of 2190?
2, 3, 5, 73
What are the prime factors of 1496?
2, 11, 17
List the prime factors of 956.
2, 239
What are the prime factors of 91078?
2, 13, 31, 113
List the prime factors of 1403.
23, 61
List the prime factors of 189.
3, 7
List the prime factors of 9840.
2, 3, 5, 41
What are the prime factors of 12445?
5, 19, 131
What are the prime factors of 862?
2, 431
What are the prime factors of 380?
2, 5, 19
What are the prime factors of 19095?
3, 5, 19, 67
List the prime factors of 279.
3, 31
What are the prime factors of 21720?
2, 3, 5, 181
List the prime factors of 34246.
2, 17123
What are the prime factors of 1065?
3, 5, 71
List the prime factors of 151021.
13, 11617
What are the prime factors of 11744?
2, 367
What are the prime factors of 3225?
3, 5, 43
List the prime factors of 21593.
11, 13, 151
What are the prime factors of 6068?
2, 37, 41
What are the prime factors of 29269?
29269
What are the prime factors of 2946?
2, 3, 491
What are the prime factors of 7595?
5, 7, 31
What are the prime factors of 1032?
2, 3, 43
What are the prime factors of 10718?
2, 23, 233
List the prime factors of 19219.
19219
List the prime factors of 106289.
157, 677
What are the prime factors of 54968?
2, 6871
List the prime factors of 24743.
109, 227
List the prime factors of 142.
2, 71
What are the prime factors of 30643?
30643
What are the prime factors of 23832?
2, 3, 331
What are the prime factors of 109277?
7, 67, 233
What are the prime factors of 5243?
7, 107
List the prime factors of 134889.
3, 44963
What are the prime factors of 16933?
7, 41, 59
What are the prime factors of 30299?
41, 739
What are the prime factors of 4115?
5, 823
List the prime factors of 10309.
13, 61
List the prime factors of 5237.
5237
What are the prime factors of 19163?
19163
What are the prime factors of 1875?
3, 5
What are the prime factors of 1899?
3, 211
List the prime factors of 13574.
2, 11, 617
List the prime factors of 104960.
2, 5, 41
List the prime factors of 581.
7, 83
What are the prime factors of 2138?
2, 1069
List the prime factors of 404.
2, 101
List the prime factors of 606.
2, 3, 101
What are the prime factors of 42998?
2, 21499
List the prime factors of 1066.
2, 13, 41
List the prime factors of 5060.
2, 5, 11, 23
List the prime factors of 185610.
2, 3, 5, 23, 269
List the prime factors of 14465.
5, 11, 263
List the prime factors of 3722.
2, 1861
What are the prime factors of 6347?
11, 577
List the prime factors of 1404.
2, 3, 13
What are the prime factors of 240?
2, 3, 5
List the prime factors of 994.
2, 7, 71
What are the prime factors of 85473?
3, 9497
What are the prime factors of 20958?
2, 3, 7, 499
List the prime factors of 1170.
2, 3, 5, 13
List the prime factors of 28761.
3, 9587
What are the prime factors of 4082?
2, 13, 157
What are the prime factors of 556?
2, 139
List the prime factors of 3453.
3, 1151
What are the prime factors of 47520?
2, 3, 5, 11
List the prime factors of 95723.
95723
What are the prime factors of 3491?
349